se 13) to base 5.
-10140
-23a (base 16) to base 13
-34b
Convert -2495 (base 14) to base 4.
-1210003
What is 21032 (base 6) in base 13?
1397
What is -1100010111111111 (base 2) in base 3?
-2120112022
What is 1062 (base 12) in base 16?
70a
25a (base 12) to base 2
101100110
What is -1774 (base 8) in base 16?
-3fc
Convert -9199 (base 11) to base 4.
-2332300
Convert -15645 (base 8) to base 10.
-7077
-11100001101010 (base 2) to base 4
-3201222
611a (base 11) to base 10
8128
Convert 111011010 (base 2) to base 14.
25c
-671 (base 9) to base 12
-39a
What is 5899 (base 12) in base 6?
113513
Convert -133122 (base 4) to base 3.
-2202110
What is -101101000 (base 2) in base 4?
-11220
What is -2331 (base 7) in base 3?
-1011200
Convert 1543 (base 6) to base 7.
1143
What is 43c (base 16) in base 12?
764
What is 11123 (base 4) in base 13?
209
Convert -492 (base 12) to base 4.
-22232
What is -41 (base 13) in base 8?
-65
17502 (base 9) to base 11
9084
1322 (base 6) to base 13
200
-1b6 (base 15) to base 14
-204
-10110111111 (base 2) to base 6
-10451
-64 (base 10) to base 9
-71
101100011100 (base 2) to base 12
1790
What is -12301 (base 8) in base 10?
-5313
Convert 2103 (base 6) to base 4.
13113
Convert -10011101110011 (base 2) to base 10.
-10099
What is -1134 (base 5) in base 13?
-100
What is 20c (base 14) in base 3?
112222
What is -3881 (base 9) in base 12?
-1824
17732 (base 10) to base 7
102461
Convert -23538 (base 11) to base 14.
-c50d
Convert 233 (base 14) to base 11.
368
Convert 1411 (base 6) to base 3.
111121
Convert -210120 (base 5) to base 10.
-6910
-10001000001 (base 2) to base 15
-4c9
-403 (base 5) to base 14
-75
What is -4270 (base 16) in base 14?
-62ac
100000010 (base 2) to base 3
100120
Convert 11520 (base 6) to base 3.
2100010
Convert -22320 (base 4) to base 16.
-2b8
-2918 (base 10) to base 3
-11000002
Convert 1111000101 (base 2) to base 14.
4cd
Convert -11001111000 (base 2) to base 15.
-756
101000010000101 (base 2) to base 11
1453a
What is 10d8 (base 16) in base 15?
1427
What is -22320 (base 7) in base 6?
-42053
-1646 (base 8) to base 2
-1110100110
What is 130ba (base 12) in base 11?
18643
Convert 1018 (base 9) to base 10.
746
Convert 2b5b (base 14) to base 11.
5893
What is -c21 (base 16) in base 10?
-3105
Convert -3245 (base 11) to base 6.
-31500
Convert -5421 (base 9) to base 15.
-12ad
-1011101011011 (base 2) to base 8
-13533
Convert -32d (base 16) to base 2.
-1100101101
113030 (base 4) to base 5
21414
Convert 1107 (base 9) to base 5.
11232
Convert -111111000110 (base 2) to base 11.
-3041
Convert 85d (base 16) to base 3.
2221022
What is 1131123 (base 5) in base 10?
20788
Convert -758 (base 9) to base 11.
-514
Convert -574 (base 9) to base 5.
-3342
Convert 7767 (base 14) to base 8.
50277
1122010120 (base 3) to base 15
97ec
What is -513b (base 12) in base 4?
-2021333
Convert 60717 (base 8) to base 11.
178a3
What is -6c57 (base 15) in base 3?
-1011121001
Convert -65b5 (base 16) to base 12.
-13099
What is -733 (base 14) in base 6?
-10321
Convert 200a (base 13) to base 2.
1000100110100
What is -d136 (base 16) in base 7?
-312101
What is -1754 (base 10) in base 13?
-a4c
What is 1494 (base 10) in base 6?
10530
-13033 (base 4) to base 10
-463
What is 4ba (base 12) in base 11?
5a3
What is -244 (base 8) in base 14?
-ba
Convert 42130 (base 5) to base 8.
5346
Convert aa7 (base 14) to base 11.
1646
What is -2619 (base 13) in base 14?
-1d9c
What is -1102102100 (base 3) in base 16?
-6d68
2773 (base 12) to base 14
1931
13013 (base 10) to base 14
4a57
What is 110022 (base 3) in base 5?
2312
Convert -24a53 (base 11) to base 10.
-35874
-222120200 (base 3) to base 16
-4bb1
Convert 1011011101 (base 2) to base 16.
2dd
664 (base 7) to base 8
524
Convert 22324 (base 6) to base 16.
c4c
3647 (base 10) to base 14
1487
Convert 9aa (base 12) to base 9.
1854
43150 (base 7) to base 12
6251
What is -7487 (base 11) in base 16?
-26a8
Convert 40e (base 16) to base 15.
493
6514 (base 7) to base 3
10011201
Convert 36 (base 15) to base 6.
123
2188 (base 14) to base 11
43a7
31310300 (base 4) to base 2
1101110100110000
Convert -6b41 (base 12) to base 5.
-341001
Convert 149 (base 13) to base 5.
1410
-32223011 (base 4) to base 5
-3410401
What is 23200 (base 12) in base 8?
133540
What is -1160 (base 14) in base 7?
-11550
What is -9a5 (base 11) in base 10?
-1204
Convert 20863 (base 11) to base 5.
1432234
-157 (base 10) to base 6
-421
What is -a486 (base 13) in base 8?
-54344
Convert -201111 (base 4) to base 15.
-973
Convert 1a2b (base 15) to base 4.
1120202
31553 (base 7) to base 8
17225
110010000001 (base 2) to base 16
c81
Convert 23037 (base 9) to base 8.
35757
What is 323 (base 4) in base 8?
73
What is 24490 (base 14) in base 15?
1b448
What is -11111200 (base 3) in base 8?
-6325
54640 (base 7) to base 9
20711
Convert -1b08 (base 14) to base 8.
-11454
What is 111332 (base 4) in base 10?
1406
Convert -21d1 (base 16) to base 3.
-102212122
Convert -7136 (base 15) to base 3.
-1012210020
23135 (base 6) to base 4
303203
Convert 110001010 (base 2) to base 6.
1454
Convert -135 (base 12) to base 3.
-20212
-110331 (base 5) to base 8
-7401
1254 (base 6) to base 3
102221
What is -121010 (base 4) in base 7?
-4451
Convert -6a5 (base 16) to base 12.
-b99
What is 11a (base 15) in base 10?
250
What is -16606 (base 12) in base 15?
-9719
What is -40444 (base 6) in base 15?
-18c1
What is -111012 (base 3) in base 8?
-544
268b (base 13) to base 5
134043
Convert 4e (base 15) to base 11.
68
What is -8181 (base 16) in base 4?
-20012001
Convert 26c (base 16) to base 9.
758
What is -21110 (base 4) in base 5?
-4341
What is 11111 (base 2) in base 10?
31
-1003020 (base 4) to base 5
-114141
102530 (base 8) to base 3
1201211022
Convert 1010221211 (base 3) to base 4.
11200213
5631 (base 8) to base 13
1475
What is 1460 (base 7) in base 9?
715
What is 28c (base 16) in base 7?
1621
Convert 1622 (base 9) to base 6.
5415
-20201022 (base 3) to base 4
-1030133
-870 (base 13) to base 8
-2643
What is c8b (base 16) in base 12?
1a37
Convert -3650 (base 10) to base 13.
-187a
What is -1c20 (base 13) in base 16?
-109b
What is -1201323 (base 4) in base 15?
-1ccc
Convert 1002112211 (base 3) to base 12.
10571
Convert -10010011001010 (base 2) to base 10.
-9418
Convert 10132 (base 8) to base 3.
12202001
What is -11021 (base 4) in base 15?
-16e
Convert 144 (base 11) to base 3.
20021
What is 1000000101010 (base 2) in base 13?
1b64
What is 767a (base 12) in base 6?
140234
Convert 244 (base 11) to base 2.
100100010
Convert -130340 (base 6) to base 8.
-27024
What is -1439 (base 12) in base 14?
-bdb
Convert 4644 (base 9) to base 15.
1047
-580 (base 9) to base 5
-3402
Convert -1078 (base 13) to base 10.
-2296
Convert -102002011 (base 3) to base 2.
-1111110001101
-324131 (base 5) to base 8
-25636
151 (base 11) to base 6
453
Convert -10042 (base 6) to base 13.
-7a9
What is 662 (base 14) in base 3?
1201202
Convert -1560 (base 13) to base 4.
-300300
Convert 222121 (base 3) to base 7.
2044
What is 10110000001101 (base 2) in base 12?
6639
Convert 8bb4 (base 15) to base 2.
111001111001100
What is -12617 (base 8) in base 14?
-2023
What is -6b2 (base 14) in base 3?
-1211100
What is 69a2 (base 15) in base 5?
1204202
Convert -25674 (base 8) to base 3.
-120100200
What is 1176 (base 9) in base 3?
1012120
What is -8a71 (base 12) in base 6?
-155021
What is 101202010 (base 3) in base 15?
24c3
What is -23242 (base 8) in base 6?
-113442
What is -13113 (base 8) in base 11?
-4319
What is 125 (base 13) in base 10?
200
-25564 (base 7) to base 10
-6808
What is 3022 (base 6) in base 7?
1634
What is -222212221 (base 3) in base 2?
-100110010010000
5970 (base 12) to base 11
758a
Convert 16365 (base 8) to base 10.
7413
What is 24441 (base 8) in base 11?
7a02
-190 (base 15) to base 10
-360
1431 (base 8) to base 7
2212
26741 (base 8) to base 9
17100
-1623 (base 9) to base 5
-14421
What is -12131003 (base 4) in base 14?
-98c3
Convert 51 (base 12) to base 9.
67
10334 (base 5) to base 9
878
605 (base 7) to base 13
1a0
-1270 (base 10) to base 8
-2366
Convert 121282 (base 9) to base 16.
11db0
What is -da (base 15) in base 16?
-cd
Convert -297 (base 11) to base 8.
-534
-110101010000 (base 2) to base 3
-11200020
-4df3 (base 16) to base 2
-100110111110011
Convert 839 (base 13) to ba